{"id":53,"date":"2024-11-27T20:36:01","date_gmt":"2024-11-27T19:36:01","guid":{"rendered":"http:\/\/ffw-linswege.de\/?page_id=53"},"modified":"2026-02-15T21:32:35","modified_gmt":"2026-02-15T20:32:35","slug":"kinderfeuerwehr","status":"publish","type":"page","link":"https:\/\/ffw-linswege.de\/?page_id=53","title":{"rendered":"Kinderfeuerwehr"},"content":{"rendered":"\n<div class=\"wp-block-group alignwide is-content-justification-left is-nowrap is-layout-flex wp-container-core-group-is-layout-4bafa32a wp-block-group-is-layout-flex\" style=\"padding-right:var(--wp--preset--spacing--30);padding-left:var(--wp--preset--spacing--30)\">\n<div class=\"wp-block-group is-vertical is-layout-flex wp-container-core-group-is-layout-2d729e81 wp-block-group-is-layout-flex\">\n<h2 class=\"wp-block-heading\" style=\"line-height:1.5\">Mit Spa\u00df bei der Sache<\/h2>\n\n\n\n<p>In dem Jahr 2023 wurde in Linswege eine neue Kinderfeuerwehr gegr\u00fcndet. Die Kameraden der Feuerwehr Linswege sowie viele ehrenamtliche Helfer stellen alle 14 Tage f\u00fcr die Kinder einen Dienstvormittag zusammen. Hier werden die 6- bis 10-j\u00e4hrigen Kinder spielerisch an das Thema Feuerwehr herangef\u00fchrt.<\/p>\n\n\n\n<p>Ein erster Schnuppertag am 15.04.2023 war ein voller Erfolg, sodass bereits fr\u00fch alle verf\u00fcgbaren Pl\u00e4tze der Kinderfeuerwehr vergeben waren. Alles dazu k\u00f6nnt ihr in unserm <a href=\"https:\/\/ffw-linswege.de\/?p=734\" data-type=\"post\" data-id=\"734\"><mark style=\"background-color:rgba(0, 0, 0, 0)\" class=\"has-inline-color has-custom-feuerwehr-rot-color\">Beitrag zum Schnuppertag<\/mark><\/a> nachlesen.<\/p>\n<\/div>\n\n\n\n<div class=\"wp-block-group wp-container-content-f5653622 has-global-padding is-content-justification-right is-layout-constrained wp-container-core-group-is-layout-8c70aa5c wp-block-group-is-layout-constrained\" style=\"padding-right:0;padding-left:0\">\n<figure class=\"wp-block-image size-large is-style-default\"><img loading=\"lazy\" decoding=\"async\" width=\"1024\" height=\"768\" src=\"https:\/\/ffw-linswege.de\/wp-content\/uploads\/2024\/12\/KiFeu20230429_01-1024x768.jpg\" alt=\"\" class=\"wp-image-237\" srcset=\"https:\/\/ffw-linswege.de\/wp-content\/uploads\/2024\/12\/KiFeu20230429_01-1024x768.jpg 1024w, https:\/\/ffw-linswege.de\/wp-content\/uploads\/2024\/12\/KiFeu20230429_01-300x225.jpg 300w, https:\/\/ffw-linswege.de\/wp-content\/uploads\/2024\/12\/KiFeu20230429_01-768x576.jpg 768w, https:\/\/ffw-linswege.de\/wp-content\/uploads\/2024\/12\/KiFeu20230429_01.jpg 1500w\" sizes=\"auto, (max-width: 1024px) 100vw, 1024px\" \/><\/figure>\n<\/div>\n<\/div>\n\n\n\n<div class=\"wp-block-columns alignwide is-layout-flex wp-container-core-columns-is-layout-28f84493 wp-block-columns-is-layout-flex\">\n<div class=\"wp-block-column is-layout-flow wp-block-column-is-layout-flow\" style=\"flex-basis:33.33%\">\n<div class=\"wp-block-columns is-layout-flex wp-container-core-columns-is-layout-28f84493 wp-block-columns-is-layout-flex\">\n<div class=\"wp-block-column has-base-color has-custom-feuerwehr-rot-background-color has-text-color has-background has-link-color wp-elements-0a91cd5805b70f4d93295bbd1e304f04 is-layout-flow wp-block-column-is-layout-flow\" style=\"padding-top:var(--wp--preset--spacing--60);padding-bottom:var(--wp--preset--spacing--60)\">\n<h2 class=\"wp-block-heading has-text-align-center\">Kinderfeuerwehrwartin<\/h2>\n\n\n\n<p class=\"has-text-align-center\">Melissa Hedenkamp<\/p>\n<\/div>\n<\/div>\n\n\n\n<div style=\"height:100px\" aria-hidden=\"true\" class=\"wp-block-spacer\"><\/div>\n\n\n\n<div class=\"wp-block-columns has-base-color has-custom-feuerwehr-rot-background-color has-text-color has-background has-link-color wp-elements-386470377808cd669a67c6a339a4e08b is-layout-flex wp-container-core-columns-is-layout-9b83daeb wp-block-columns-is-layout-flex\" style=\"padding-top:var(--wp--preset--spacing--60);padding-right:0;padding-bottom:var(--wp--preset--spacing--60);padding-left:0\">\n<div class=\"wp-block-column is-layout-flow wp-block-column-is-layout-flow\">\n<h2 class=\"wp-block-heading has-text-align-center\">Stellvertreterin<\/h2>\n\n\n\n<p class=\"has-text-align-center\">Svenja Haase<\/p>\n<\/div>\n<\/div>\n<\/div>\n\n\n\n<div class=\"wp-block-column is-layout-flow wp-block-column-is-layout-flow\" style=\"flex-basis:66.66%\">\n<h2 class=\"wp-block-heading\">Interesse? <\/h2>\n\n\n\n<p>Sie interessieren sich f\u00fcr unsere spannende Kinderfeuerwehr und haben Fragen rund um unser Angebot? Kein Problem! Wir stehen Ihnen gerne zur Verf\u00fcgung und freuen uns darauf, Ihre Anliegen zu beantworten.<\/p>\n\n\n\n<p>F\u00fcr alle Fragen, sei es zu Terminen, verf\u00fcgbaren Pl\u00e4tzen oder anderen Themen, haben wir eine eigene E-Mail-Adresse eingerichtet: <a href=\"mailto:loeschmaus@ffw-linswege.de\"><mark style=\"background-color:rgba(0, 0, 0, 0)\" class=\"has-inline-color has-custom-feuerwehr-rot-color\">loeschmaus@ffw-linswege.de<\/mark><\/a>. Hier k\u00f6nnen Sie uns direkt kontaktieren und erhalten zeitnah eine R\u00fcckmeldung von unseren Kinderfeuerwehrwarten.<\/p>\n\n\n\n<p>Unser Ziel ist es, Ihnen und Ihren Kindern einen unvergesslichen Einblick in die Welt der Feuerwehr zu bieten und gleichzeitig wichtige Werte wie Teamgeist, Verantwortung und Hilfsbereitschaft zu vermitteln.<\/p>\n\n\n\n<p>Wir hei\u00dfen jeden herzlich willkommen, der an der Kinderfeuerwehr Linswege teilnehmen m\u00f6chte. Egal ob Junge oder M\u00e4dchen, bei uns ist jeder willkommen, der zwischen 6 und 10 Jahren alt ist.<\/p>\n\n\n\n<p>Die Kinderfeuerwehr Linswege freut sich darauf, von Ihnen zu h\u00f6ren und vielleicht schon bald Ihre Kinder bei uns willkommen zu hei\u00dfen. Bis bald!<\/p>\n\n\n\n<p>Ihr Team der Kinderfeuerwehr Linswege<\/p>\n\n\n\n<p><\/p>\n<\/div>\n<\/div>\n\n\n\n<hr class=\"wp-block-separator has-alpha-channel-opacity\"\/>\n\n\n\n<h2 class=\"wp-block-heading\">Aktuelles zur Kinderfeuerwehr<\/h2>\n\n\n<ul class=\"wp-block-latest-posts__list wp-block-latest-posts\"><li><div class=\"wp-block-latest-posts__featured-image alignleft\"><img loading=\"lazy\" decoding=\"async\" width=\"150\" height=\"150\" src=\"https:\/\/ffw-linswege.de\/wp-content\/uploads\/2025\/06\/20250621_04-150x150.jpg\" class=\"attachment-thumbnail size-thumbnail wp-post-image\" alt=\"\" style=\"\" srcset=\"https:\/\/ffw-linswege.de\/wp-content\/uploads\/2025\/06\/20250621_04-150x150.jpg 150w, https:\/\/ffw-linswege.de\/wp-content\/uploads\/2025\/06\/20250621_04-300x300.jpg 300w, https:\/\/ffw-linswege.de\/wp-content\/uploads\/2025\/06\/20250621_04-768x768.jpg 768w, https:\/\/ffw-linswege.de\/wp-content\/uploads\/2025\/06\/20250621_04.jpg 821w\" sizes=\"auto, (max-width: 150px) 100vw, 150px\" \/><\/div><a class=\"wp-block-latest-posts__post-title\" href=\"https:\/\/ffw-linswege.de\/?p=1164\">100 Jahre Linsweger Feuerwehr<\/a><div class=\"wp-block-latest-posts__post-excerpt\">Am 21. Juni 2025 war es endlich so weit: Die Freiwillige Feuerwehr Linswege feierte ihr 100-j\u00e4hriges Bestehen \u2013 und zahlreiche G\u00e4ste aus nah und fern folgten unserer Einladung, um diesen besonderen Tag gemeinsam mit uns zu erleben. Bereits ab 11:00 Uhr startete\u2026\u00a0<a class=\"wp-block-latest-posts__read-more\" href=\"https:\/\/ffw-linswege.de\/?p=1164\" rel=\"noopener noreferrer\"><span class=\"screen-reader-text\">100 Jahre Linsweger Feuerwehr <\/span>weiterlesen<\/a><\/div><\/li>\n<li><div class=\"wp-block-latest-posts__featured-image alignleft\"><img loading=\"lazy\" decoding=\"async\" width=\"150\" height=\"150\" src=\"https:\/\/ffw-linswege.de\/wp-content\/uploads\/2025\/06\/20250616_01-150x150.jpg\" class=\"attachment-thumbnail size-thumbnail wp-post-image\" alt=\"\" style=\"\" srcset=\"https:\/\/ffw-linswege.de\/wp-content\/uploads\/2025\/06\/20250616_01-150x150.jpg 150w, https:\/\/ffw-linswege.de\/wp-content\/uploads\/2025\/06\/20250616_01-300x300.jpg 300w, https:\/\/ffw-linswege.de\/wp-content\/uploads\/2025\/06\/20250616_01-768x768.jpg 768w, https:\/\/ffw-linswege.de\/wp-content\/uploads\/2025\/06\/20250616_01.jpg 1024w\" sizes=\"auto, (max-width: 150px) 100vw, 150px\" \/><\/div><a class=\"wp-block-latest-posts__post-title\" href=\"https:\/\/ffw-linswege.de\/?p=1145\">Kleine G\u00e4rtner ganz gro\u00df<\/a><div class=\"wp-block-latest-posts__post-excerpt\">Unser Kinderfeuerwehr-Gem\u00fcsegarten bl\u00fcht auf! Im Fr\u00fchjahr haben die Kinder der Kinderfeuerwehr Linswege ein ganz besonderes Projekt gestartet: Gemeinsam mit ihren Betreuerinnen und Betreuern wurde auf dem Gel\u00e4nde der Feuerwehr ein Gem\u00fcsegarten angelegt. Mit viel Neugier, Eifer und schmutzigen H\u00e4nden ging es ans\u2026\u00a0<a class=\"wp-block-latest-posts__read-more\" href=\"https:\/\/ffw-linswege.de\/?p=1145\" rel=\"noopener noreferrer\"><span class=\"screen-reader-text\">Kleine G\u00e4rtner ganz gro\u00df <\/span>weiterlesen<\/a><\/div><\/li>\n<li><div class=\"wp-block-latest-posts__featured-image alignleft\"><img loading=\"lazy\" decoding=\"async\" width=\"150\" height=\"150\" src=\"https:\/\/ffw-linswege.de\/wp-content\/uploads\/2023\/12\/20231209_03-150x150.jpg\" class=\"attachment-thumbnail size-thumbnail wp-post-image\" alt=\"\" style=\"\" \/><\/div><a class=\"wp-block-latest-posts__post-title\" href=\"https:\/\/ffw-linswege.de\/?p=889\">Backspa\u00df bei den Linsweger L\u00f6schm\u00e4usen<\/a><div class=\"wp-block-latest-posts__post-excerpt\">Heute war wieder ein aufregender Tag in unserer Kinderfeuerwehr. Die Linsweger L\u00f6schm\u00e4use haben sich zusammengetan, um gemeinsam leckere Kekse zu backen. Es war ein fr\u00f6hliches Chaos, das allen Beteiligten jede Menge Spa\u00df bereitet hat. Die Kinder und ihre Betreuer trafen sich in\u2026\u00a0<a class=\"wp-block-latest-posts__read-more\" href=\"https:\/\/ffw-linswege.de\/?p=889\" rel=\"noopener noreferrer\"><span class=\"screen-reader-text\">Backspa\u00df bei den Linsweger L\u00f6schm\u00e4usen <\/span>weiterlesen<\/a><\/div><\/li>\n<li><div class=\"wp-block-latest-posts__featured-image alignleft\"><img loading=\"lazy\" decoding=\"async\" width=\"150\" height=\"150\" src=\"https:\/\/ffw-linswege.de\/wp-content\/uploads\/2023\/07\/20230729_01-150x150.jpg\" class=\"attachment-thumbnail size-thumbnail wp-post-image\" alt=\"\" style=\"\" \/><\/div><a class=\"wp-block-latest-posts__post-title\" href=\"https:\/\/ffw-linswege.de\/?p=784\">Linswege feiert Gr\u00fcndung der Kinderfeuerwehr!<\/a><div class=\"wp-block-latest-posts__post-excerpt\">Am 29.07.2023 war ein besonderer Tag f\u00fcr die Feuerwehr Linswege, denn im Feuerwehrhaus fand die feierliche Gr\u00fcndungsveranstaltung der Kinderfeuerwehr statt. Schon im Vorfeld hatten die engagierten Kameraden viel M\u00fche auf sich genommen, um den G\u00e4sten einen wundervollen Tag zu bereiten. Die Freude\u2026\u00a0<a class=\"wp-block-latest-posts__read-more\" href=\"https:\/\/ffw-linswege.de\/?p=784\" rel=\"noopener noreferrer\"><span class=\"screen-reader-text\">Linswege feiert Gr\u00fcndung der Kinderfeuerwehr! <\/span>weiterlesen<\/a><\/div><\/li>\n<li><div class=\"wp-block-latest-posts__featured-image alignleft\"><img loading=\"lazy\" decoding=\"async\" width=\"150\" height=\"150\" src=\"https:\/\/ffw-linswege.de\/wp-content\/uploads\/2023\/07\/Kinderfeuerwehr20230624_01-150x150.jpg\" class=\"attachment-thumbnail size-thumbnail wp-post-image\" alt=\"\" style=\"\" \/><\/div><a class=\"wp-block-latest-posts__post-title\" href=\"https:\/\/ffw-linswege.de\/?p=741\">Aktionstag der Kinder- und Jugendfeuerwehr Uplengen<\/a><div class=\"wp-block-latest-posts__post-excerpt\">Am 24. Juni 2023 hatten wir das Vergn\u00fcgen, den Aktionstag der Kinder- und Jugendfeuerwehr Uplengen zu besuchen, und was f\u00fcr ein aufregender Tag es war! Unsere motivierten Kinder stellten dabei ihr Geschick im Umgang mit feuerwehrrelevanten Techniken unter Beweis. An verschiedenen Stationen\u2026\u00a0<a class=\"wp-block-latest-posts__read-more\" href=\"https:\/\/ffw-linswege.de\/?p=741\" rel=\"noopener noreferrer\"><span class=\"screen-reader-text\">Aktionstag der Kinder- und Jugendfeuerwehr Uplengen <\/span>weiterlesen<\/a><\/div><\/li>\n<\/ul>\n\n\n<p><\/p>\n","protected":false},"excerpt":{"rendered":"<p>Mit Spa\u00df bei der Sache In dem Jahr 2023 wurde in Linswege eine neue Kinderfeuerwehr gegr\u00fcndet. Die Kameraden der Feuerwehr Linswege sowie viele ehrenamtliche Helfer stellen alle 14 Tage f\u00fcr die Kinder einen Dienstvormittag zusammen. Hier werden die 6- bis 10-j\u00e4hrigen Kinder spielerisch an das Thema Feuerwehr herangef\u00fchrt. Ein erster Schnuppertag am 15.04.2023 war ein [&hellip;]<\/p>\n","protected":false},"author":2,"featured_media":0,"parent":0,"menu_order":2,"comment_status":"closed","ping_status":"closed","template":"","meta":{"footnotes":""},"class_list":["post-53","page","type-page","status-publish","hentry"],"_links":{"self":[{"href":"https:\/\/ffw-linswege.de\/index.php?rest_route=\/wp\/v2\/pages\/53","targetHints":{"allow":["GET"]}}],"collection":[{"href":"https:\/\/ffw-linswege.de\/index.php?rest_route=\/wp\/v2\/pages"}],"about":[{"href":"https:\/\/ffw-linswege.de\/index.php?rest_route=\/wp\/v2\/types\/page"}],"author":[{"embeddable":true,"href":"https:\/\/ffw-linswege.de\/index.php?rest_route=\/wp\/v2\/users\/2"}],"replies":[{"embeddable":true,"href":"https:\/\/ffw-linswege.de\/index.php?rest_route=%2Fwp%2Fv2%2Fcomments&post=53"}],"version-history":[{"count":7,"href":"https:\/\/ffw-linswege.de\/index.php?rest_route=\/wp\/v2\/pages\/53\/revisions"}],"predecessor-version":[{"id":1334,"href":"https:\/\/ffw-linswege.de\/index.php?rest_route=\/wp\/v2\/pages\/53\/revisions\/1334"}],"wp:attachment":[{"href":"https:\/\/ffw-linswege.de\/index.php?rest_route=%2Fwp%2Fv2%2Fmedia&parent=53"}],"curies":[{"name":"wp","href":"https:\/\/api.w.org\/{rel}","templated":true}]}}

<div class="wp-block-group alignwide is-content-justification-left is-nowrap is-layout-flex wp-container-core-group-is-layout-4bafa32a wp-block-group-is-layout-flex" style="padding-right:var(--wp--preset--spacing--30);padding-left:var(--wp--preset--spacing--30)">
<div class="wp-block-group is-vertical is-layout-flex wp-container-core-group-is-layout-2d729e81 wp-block-group-is-layout-flex">
<h2 class="wp-block-heading" style="line-height:1.5">Mit Spaß bei der Sache</h2>



<p>In dem Jahr 2023 wurde in Linswege eine neue Kinderfeuerwehr gegründet. Die Kameraden der Feuerwehr Linswege sowie viele ehrenamtliche Helfer stellen alle 14 Tage für die Kinder einen Dienstvormittag zusammen. Hier werden die 6- bis 10-jährigen Kinder spielerisch an das Thema Feuerwehr herangeführt.</p>



<p>Ein erster Schnuppertag am 15.04.2023 war ein voller Erfolg, sodass bereits früh alle verfügbaren Plätze der Kinderfeuerwehr vergeben waren. Alles dazu könnt ihr in unserm <a href="https://ffw-linswege.de/?p=734" data-type="post" data-id="734"><mark style="background-color:rgba(0, 0, 0, 0)" class="has-inline-color has-custom-feuerwehr-rot-color">Beitrag zum Schnuppertag</mark></a> nachlesen.</p>
</div>



<div class="wp-block-group wp-container-content-f5653622 has-global-padding is-content-justification-right is-layout-constrained wp-container-core-group-is-layout-8c70aa5c wp-block-group-is-layout-constrained" style="padding-right:0;padding-left:0">
<figure class="wp-block-image size-large is-style-default"><img loading="lazy" decoding="async" width="1024" height="768" src="https://ffw-linswege.de/wp-content/uploads/2024/12/KiFeu20230429_01-1024x768.jpg" alt="" class="wp-image-237" srcset="https://ffw-linswege.de/wp-content/uploads/2024/12/KiFeu20230429_01-1024x768.jpg 1024w, https://ffw-linswege.de/wp-content/uploads/2024/12/KiFeu20230429_01-300x225.jpg 300w, https://ffw-linswege.de/wp-content/uploads/2024/12/KiFeu20230429_01-768x576.jpg 768w, https://ffw-linswege.de/wp-content/uploads/2024/12/KiFeu20230429_01.jpg 1500w" sizes="auto, (max-width: 1024px) 100vw, 1024px" /></figure>
</div>
</div>



<div class="wp-block-columns alignwide is-layout-flex wp-container-core-columns-is-layout-28f84493 wp-block-columns-is-layout-flex">
<div class="wp-block-column is-layout-flow wp-block-column-is-layout-flow" style="flex-basis:33.33%">
<div class="wp-block-columns is-layout-flex wp-container-core-columns-is-layout-28f84493 wp-block-columns-is-layout-flex">
<div class="wp-block-column has-base-color has-custom-feuerwehr-rot-background-color has-text-color has-background has-link-color wp-elements-0a91cd5805b70f4d93295bbd1e304f04 is-layout-flow wp-block-column-is-layout-flow" style="padding-top:var(--wp--preset--spacing--60);padding-bottom:var(--wp--preset--spacing--60)">
<h2 class="wp-block-heading has-text-align-center">Kinderfeuerwehrwartin</h2>



<p class="has-text-align-center">Melissa Hedenkamp</p>
</div>
</div>



<div style="height:100px" aria-hidden="true" class="wp-block-spacer"></div>



<div class="wp-block-columns has-base-color has-custom-feuerwehr-rot-background-color has-text-color has-background has-link-color wp-elements-386470377808cd669a67c6a339a4e08b is-layout-flex wp-container-core-columns-is-layout-9b83daeb wp-block-columns-is-layout-flex" style="padding-top:var(--wp--preset--spacing--60);padding-right:0;padding-bottom:var(--wp--preset--spacing--60);padding-left:0">
<div class="wp-block-column is-layout-flow wp-block-column-is-layout-flow">
<h2 class="wp-block-heading has-text-align-center">Stellvertreterin</h2>



<p class="has-text-align-center">Svenja Haase</p>
</div>
</div>
</div>



<div class="wp-block-column is-layout-flow wp-block-column-is-layout-flow" style="flex-basis:66.66%">
<h2 class="wp-block-heading">Interesse? </h2>



<p>Sie interessieren sich für unsere spannende Kinderfeuerwehr und haben Fragen rund um unser Angebot? Kein Problem! Wir stehen Ihnen gerne zur Verfügung und freuen uns darauf, Ihre Anliegen zu beantworten.</p>



<p>Für alle Fragen, sei es zu Terminen, verfügbaren Plätzen oder anderen Themen, haben wir eine eigene E-Mail-Adresse eingerichtet: <a href="mailto:loeschmaus@ffw-linswege.de"><mark style="background-color:rgba(0, 0, 0, 0)" class="has-inline-color has-custom-feuerwehr-rot-color">loeschmaus@ffw-linswege.de</mark></a>. Hier können Sie uns direkt kontaktieren und erhalten zeitnah eine Rückmeldung von unseren Kinderfeuerwehrwarten.</p>



<p>Unser Ziel ist es, Ihnen und Ihren Kindern einen unvergesslichen Einblick in die Welt der Feuerwehr zu bieten und gleichzeitig wichtige Werte wie Teamgeist, Verantwortung und Hilfsbereitschaft zu vermitteln.</p>



<p>Wir heißen jeden herzlich willkommen, der an der Kinderfeuerwehr Linswege teilnehmen möchte. Egal ob Junge oder Mädchen, bei uns ist jeder willkommen, der zwischen 6 und 10 Jahren alt ist.</p>



<p>Die Kinderfeuerwehr Linswege freut sich darauf, von Ihnen zu hören und vielleicht schon bald Ihre Kinder bei uns willkommen zu heißen. Bis bald!</p>



<p>Ihr Team der Kinderfeuerwehr Linswege</p>



<p></p>
</div>
</div>



<hr class="wp-block-separator has-alpha-channel-opacity"/>



<h2 class="wp-block-heading">Aktuelles zur Kinderfeuerwehr</h2>


<ul class="wp-block-latest-posts__list wp-block-latest-posts"><li><div class="wp-block-latest-posts__featured-image alignleft"><img loading="lazy" decoding="async" width="150" height="150" src="https://ffw-linswege.de/wp-content/uploads/2025/06/20250621_04-150x150.jpg" class="attachment-thumbnail size-thumbnail wp-post-image" alt="" style="" srcset="https://ffw-linswege.de/wp-content/uploads/2025/06/20250621_04-150x150.jpg 150w, https://ffw-linswege.de/wp-content/uploads/2025/06/20250621_04-300x300.jpg 300w, https://ffw-linswege.de/wp-content/uploads/2025/06/20250621_04-768x768.jpg 768w, https://ffw-linswege.de/wp-content/uploads/2025/06/20250621_04.jpg 821w" sizes="auto, (max-width: 150px) 100vw, 150px" /></div><a class="wp-block-latest-posts__post-title" href="https://ffw-linswege.de/?p=1164">100 Jahre Linsweger Feuerwehr</a><div class="wp-block-latest-posts__post-excerpt">Am 21. Juni 2025 war es endlich so weit: Die Freiwillige Feuerwehr Linswege feierte ihr 100-jähriges Bestehen – und zahlreiche Gäste aus nah und fern folgten unserer Einladung, um diesen besonderen Tag gemeinsam mit uns zu erleben. Bereits ab 11:00 Uhr startete… <a class="wp-block-latest-posts__read-more" href="https://ffw-linswege.de/?p=1164" rel="noopener noreferrer"><span class="screen-reader-text">100 Jahre Linsweger Feuerwehr </span>weiterlesen</a></div></li>
<li><div class="wp-block-latest-posts__featured-image alignleft"><img loading="lazy" decoding="async" width="150" height="150" src="https://ffw-linswege.de/wp-content/uploads/2025/06/20250616_01-150x150.jpg" class="attachment-thumbnail size-thumbnail wp-post-image" alt="" style="" srcset="https://ffw-linswege.de/wp-content/uploads/2025/06/20250616_01-150x150.jpg 150w, https://ffw-linswege.de/wp-content/uploads/2025/06/20250616_01-300x300.jpg 300w, https://ffw-linswege.de/wp-content/uploads/2025/06/20250616_01-768x768.jpg 768w, https://ffw-linswege.de/wp-content/uploads/2025/06/20250616_01.jpg 1024w" sizes="auto, (max-width: 150px) 100vw, 150px" /></div><a class="wp-block-latest-posts__post-title" href="https://ffw-linswege.de/?p=1145">Kleine Gärtner ganz groß</a><div class="wp-block-latest-posts__post-excerpt">Unser Kinderfeuerwehr-Gemüsegarten blüht auf! Im Frühjahr haben die Kinder der Kinderfeuerwehr Linswege ein ganz besonderes Projekt gestartet: Gemeinsam mit ihren Betreuerinnen und Betreuern wurde auf dem Gelände der Feuerwehr ein Gemüsegarten angelegt. Mit viel Neugier, Eifer und schmutzigen Händen ging es ans… <a class="wp-block-latest-posts__read-more" href="https://ffw-linswege.de/?p=1145" rel="noopener noreferrer"><span class="screen-reader-text">Kleine Gärtner ganz groß </span>weiterlesen</a></div></li>
<li><div class="wp-block-latest-posts__featured-image alignleft"><img loading="lazy" decoding="async" width="150" height="150" src="https://ffw-linswege.de/wp-content/uploads/2023/12/20231209_03-150x150.jpg" class="attachment-thumbnail size-thumbnail wp-post-image" alt="" style="" /></div><a class="wp-block-latest-posts__post-title" href="https://ffw-linswege.de/?p=889">Backspaß bei den Linsweger Löschmäusen</a><div class="wp-block-latest-posts__post-excerpt">Heute war wieder ein aufregender Tag in unserer Kinderfeuerwehr. Die Linsweger Löschmäuse haben sich zusammengetan, um gemeinsam leckere Kekse zu backen. Es war ein fröhliches Chaos, das allen Beteiligten jede Menge Spaß bereitet hat. Die Kinder und ihre Betreuer trafen sich in… <a class="wp-block-latest-posts__read-more" href="https://ffw-linswege.de/?p=889" rel="noopener noreferrer"><span class="screen-reader-text">Backspaß bei den Linsweger Löschmäusen </span>weiterlesen</a></div></li>
<li><div class="wp-block-latest-posts__featured-image alignleft"><img loading="lazy" decoding="async" width="150" height="150" src="https://ffw-linswege.de/wp-content/uploads/2023/07/20230729_01-150x150.jpg" class="attachment-thumbnail size-thumbnail wp-post-image" alt="" style="" /></div><a class="wp-block-latest-posts__post-title" href="https://ffw-linswege.de/?p=784">Linswege feiert Gründung der Kinderfeuerwehr!</a><div class="wp-block-latest-posts__post-excerpt">Am 29.07.2023 war ein besonderer Tag für die Feuerwehr Linswege, denn im Feuerwehrhaus fand die feierliche Gründungsveranstaltung der Kinderfeuerwehr statt. Schon im Vorfeld hatten die engagierten Kameraden viel Mühe auf sich genommen, um den Gästen einen wundervollen Tag zu bereiten. Die Freude… <a class="wp-block-latest-posts__read-more" href="https://ffw-linswege.de/?p=784" rel="noopener noreferrer"><span class="screen-reader-text">Linswege feiert Gründung der Kinderfeuerwehr! </span>weiterlesen</a></div></li>
<li><div class="wp-block-latest-posts__featured-image alignleft"><img loading="lazy" decoding="async" width="150" height="150" src="https://ffw-linswege.de/wp-content/uploads/2023/07/Kinderfeuerwehr20230624_01-150x150.jpg" class="attachment-thumbnail size-thumbnail wp-post-image" alt="" style="" /></div><a class="wp-block-latest-posts__post-title" href="https://ffw-linswege.de/?p=741">Aktionstag der Kinder- und Jugendfeuerwehr Uplengen</a><div class="wp-block-latest-posts__post-excerpt">Am 24. Juni 2023 hatten wir das Vergnügen, den Aktionstag der Kinder- und Jugendfeuerwehr Uplengen zu besuchen, und was für ein aufregender Tag es war! Unsere motivierten Kinder stellten dabei ihr Geschick im Umgang mit feuerwehrrelevanten Techniken unter Beweis. An verschiedenen Stationen… <a class="wp-block-latest-posts__read-more" href="https://ffw-linswege.de/?p=741" rel="noopener noreferrer"><span class="screen-reader-text">Aktionstag der Kinder- und Jugendfeuerwehr Uplengen </span>weiterlesen</a></div></li>
</ul>


<p></p>

<p>Mit Spaß bei der Sache In dem Jahr 2023 wurde in Linswege eine neue Kinderfeuerwehr gegründet. Die Kameraden der Feuerwehr Linswege sowie viele ehrenamtliche Helfer stellen alle 14 Tage für die Kinder einen Dienstvormittag zusammen. Hier werden die 6- bis 10-jährigen Kinder spielerisch an das Thema Feuerwehr herangeführt. Ein erster Schnuppertag am 15.04.2023 war ein [&hellip;]</p>
